{"id":22749,"date":"2020-12-04T16:44:12","date_gmt":"2020-12-04T16:44:12","guid":{"rendered":"http:\/\/www.feiradospneus.pt\/?post_type=product&#038;p=22749"},"modified":"2024-01-17T16:49:56","modified_gmt":"2024-01-17T16:49:56","slug":"pneu-sun-f-20x11-8-replica-maxxis","status":"publish","type":"product","link":"http:\/\/www.feiradospneus.pt\/?product=pneu-sun-f-20x11-8-replica-maxxis","title":{"rendered":"PNEU SUN-F \/ COG A027 20&#215;11-8"},"content":{"rendered":"<h2>Pneu Sun-F Tr\u00e1s 20&#215;11-8 6T &#8211; Replica Maxxis<\/h2>\n<p>Composto por 6 Telas.<\/p>\n<p>O padr\u00e3o da banda de rodagem X-knob proporciona um manuseamento superior e uma excelente tra\u00e7\u00e3o.<\/p>\n<p>O desenho do bot\u00e3o s\u00f3lido melhora a tra\u00e7\u00e3o e reduz a contor\u00e7\u00e3o do piso.<\/p>\n<p>\u00d3tima resist\u00eancia \u00e0 perfura\u00e7\u00e3o e suficientemente dur\u00e1vel para qualquer desafio com o seu moto 4.<\/p>\n<p>Pronto para todos os tipos de terrenos de cross country e deserto.<\/p>\n","protected":false},"excerpt":{"rendered":"<p>Pneu Sun-F Tr\u00e1s 20&#215;11-8 6T &#8211; Replica Maxxis Composto por 6 Telas. O padr\u00e3o da banda de rodagem X-knob proporciona&hellip;<\/p>\n","protected":false},"featured_media":25151,"template":"","meta":{"_links_to":"","_links_to_target":""},"_links":{"self":[{"href":"http:\/\/www.feiradospneus.pt\/index.php?rest_route=\/wp\/v2\/product\/22749"}],"collection":[{"href":"http:\/\/www.feiradospneus.pt\/index.php?rest_route=\/wp\/v2\/product"}],"about":[{"href":"http:\/\/www.feiradospneus.pt\/index.php?rest_route=\/wp\/v2\/types\/product"}],"wp:featuredmedia":[{"embeddable":true,"href":"http:\/\/www.feiradospneus.pt\/index.php?rest_route=\/wp\/v2\/media\/25151"}],"wp:attachment":[{"href":"http:\/\/www.feiradospneus.pt\/index.php?rest_route=%2Fwp%2Fv2%2Fmedia&parent=22749"}],"curies":[{"name":"wp","href":"https:\/\/api.w.org\/{rel}","templated":true}]}}